{"id":2588,"date":"2018-01-16T11:33:49","date_gmt":"2018-01-16T10:33:49","guid":{"rendered":"https:\/\/www.gwg-guben.de\/?page_id=2588"},"modified":"2020-09-03T11:36:52","modified_gmt":"2020-09-03T09:36:52","slug":"wyszukiwanie-mieszkania","status":"publish","type":"page","link":"https:\/\/www.gwg-guben.de\/pl\/mieszkanie\/wyszukiwanie-mieszkania\/","title":{"rendered":"WYSZUKIWANIE MIESZKANIA"},"content":{"rendered":"<div id=\"pl-2588\"  class=\"panel-layout\" ><div id=\"pg-2588-0\"  class=\"panel-grid panel-has-style\" ><div class=\"panel-row-style panel-row-style-for-2588-0\" ><div id=\"pgc-2588-0-0\"  class=\"panel-grid-cell\" ><div id=\"panel-2588-0-0-0\" class=\"so-panel widget widget_sow-editor panel-first-child panel-last-child\" data-index=\"0\" ><div\n\t\t\t\n\t\t\tclass=\"so-widget-sow-editor so-widget-sow-editor-base\"\n\t\t\t\n\t\t>\n<div class=\"siteorigin-widget-tinymce textwidget\">\n\t<p><img loading=\"lazy\" decoding=\"async\" class=\"alignnone wp-image-1893 size-medium\" src=\"https:\/\/www.gwg-guben.de\/s-content\/uploads\/2017\/05\/Depositphotos_152488478_original_web-1-600x400.jpg\" alt=\"\" width=\"600\" height=\"400\" srcset=\"https:\/\/www.gwg-guben.de\/s-content\/uploads\/2017\/05\/Depositphotos_152488478_original_web-1-600x400.jpg 600w, https:\/\/www.gwg-guben.de\/s-content\/uploads\/2017\/05\/Depositphotos_152488478_original_web-1-768x512.jpg 768w, https:\/\/www.gwg-guben.de\/s-content\/uploads\/2017\/05\/Depositphotos_152488478_original_web-1.jpg 1200w, https:\/\/www.gwg-guben.de\/s-content\/uploads\/2017\/05\/Depositphotos_152488478_original_web-1-840x560.jpg 840w, https:\/\/www.gwg-guben.de\/s-content\/uploads\/2017\/05\/Depositphotos_152488478_original_web-1-540x360.jpg 540w\" sizes=\"auto, (max-width: 600px) 100vw, 600px\" \/><\/p><\/div>\n<\/div><\/div><\/div><div id=\"pgc-2588-0-1\"  class=\"panel-grid-cell\" ><div id=\"panel-2588-0-1-0\" class=\"so-panel widget widget_sow-editor panel-first-child\" data-index=\"1\" ><div class=\"panel-widget-style panel-widget-style-for-2588-0-1-0\" ><div\n\t\t\t\n\t\t\tclass=\"so-widget-sow-editor so-widget-sow-editor-base\"\n\t\t\t\n\t\t>\n<div class=\"siteorigin-widget-tinymce textwidget\">\n\t<h2>ZNAJD\u0179 WYGODNIE ODPOWIEDNIE MIESZKANIE<\/h2>\n<p>Czy wiedz\u0105 ju\u017c Pa\u0144stwo na jakiej ulicy chc\u0105 zamieszka\u0107, czy mo\u017ce narazie wystarczy Pa\u0144stwu w wyszukaniu informacja o ilo\u015bci pokoi? Z funkcj\u0105 wyszukiwania mog\u0105 Pa\u0144stwo wygodnie i szybko uzyska\u0107 dost\u0119p do wszystkich aktualnych ofert.<\/p>\n<\/div>\n<\/div><\/div><\/div><div id=\"panel-2588-0-1-1\" class=\"so-panel widget widget_sow-editor panel-last-child\" data-index=\"2\" ><div class=\"grayColorRow panel-widget-style panel-widget-style-for-2588-0-1-1\" ><div\n\t\t\t\n\t\t\tclass=\"so-widget-sow-editor so-widget-sow-editor-base\"\n\t\t\t\n\t\t>\n<div class=\"siteorigin-widget-tinymce textwidget\">\n\t<p><strong>Je\u015bli chcieliby Pa\u0144stwo wyznaczy\u0107 termin zwiedzania mieszkania, prosz\u0119 zwr\u00f3ci\u0107 si\u0119 do mi\u0142ego zespo\u0142u dzia\u0142u Gospodarki Mieszkaniowej, tel.: <\/strong><strong>03561 4387-24.<\/strong><\/p>\n<\/div>\n<\/div><\/div><\/div><\/div><\/div><\/div><div id=\"pg-2588-1\"  class=\"panel-grid panel-no-style\" ><div id=\"pgc-2588-1-0\"  class=\"panel-grid-cell\" ><div id=\"panel-2588-1-0-0\" class=\"so-panel widget widget_widget_immobilien widget_immobilien panel-first-child panel-last-child\" data-index=\"3\" ><div class=\"immobilienListWrap\"><\/div><\/div><\/div><\/div><\/div>","protected":false},"excerpt":{"rendered":"<p>ZNAJD\u0179 WYGODNIE ODPOWIEDNIE MIESZKANIE Czy wiedz\u0105 ju\u017c Pa\u0144stwo na jakiej ulicy chc\u0105 zamieszka\u0107, czy mo\u017ce narazie wystarczy Pa\u0144stwu w wyszukaniu informacja o ilo\u015bci pokoi? Z &hellip;<\/p>\n","protected":false},"author":2,"featured_media":0,"parent":2571,"menu_order":30,"comment_status":"closed","ping_status":"closed","template":"page-propertysearch.php","meta":{"footnotes":""},"class_list":["post-2588","page","type-page","status-publish","hentry"],"_links":{"self":[{"href":"https:\/\/www.gwg-guben.de\/pl\/wp-json\/wp\/v2\/pages\/2588","targetHints":{"allow":["GET"]}}],"collection":[{"href":"https:\/\/www.gwg-guben.de\/pl\/wp-json\/wp\/v2\/pages"}],"about":[{"href":"https:\/\/www.gwg-guben.de\/pl\/wp-json\/wp\/v2\/types\/page"}],"author":[{"embeddable":true,"href":"https:\/\/www.gwg-guben.de\/pl\/wp-json\/wp\/v2\/users\/2"}],"replies":[{"embeddable":true,"href":"https:\/\/www.gwg-guben.de\/pl\/wp-json\/wp\/v2\/comments?post=2588"}],"version-history":[{"count":6,"href":"https:\/\/www.gwg-guben.de\/pl\/wp-json\/wp\/v2\/pages\/2588\/revisions"}],"predecessor-version":[{"id":5743,"href":"https:\/\/www.gwg-guben.de\/pl\/wp-json\/wp\/v2\/pages\/2588\/revisions\/5743"}],"up":[{"embeddable":true,"href":"https:\/\/www.gwg-guben.de\/pl\/wp-json\/wp\/v2\/pages\/2571"}],"wp:attachment":[{"href":"https:\/\/www.gwg-guben.de\/pl\/wp-json\/wp\/v2\/media?parent=2588"}],"curies":[{"name":"wp","href":"https:\/\/api.w.org\/{rel}","templated":true}]}}

<div id="pl-2588"  class="panel-layout" ><div id="pg-2588-0"  class="panel-grid panel-has-style" ><div class="panel-row-style panel-row-style-for-2588-0" ><div id="pgc-2588-0-0"  class="panel-grid-cell" ><div id="panel-2588-0-0-0" class="so-panel widget widget_sow-editor panel-first-child panel-last-child" data-index="0" ><div
			
			class="so-widget-sow-editor so-widget-sow-editor-base"
			
		>
<div class="siteorigin-widget-tinymce textwidget">
	<p><img loading="lazy" decoding="async" class="alignnone wp-image-1893 size-medium" src="https://www.gwg-guben.de/s-content/uploads/2017/05/Depositphotos_152488478_original_web-1-600x400.jpg" alt="" width="600" height="400" srcset="https://www.gwg-guben.de/s-content/uploads/2017/05/Depositphotos_152488478_original_web-1-600x400.jpg 600w, https://www.gwg-guben.de/s-content/uploads/2017/05/Depositphotos_152488478_original_web-1-768x512.jpg 768w, https://www.gwg-guben.de/s-content/uploads/2017/05/Depositphotos_152488478_original_web-1.jpg 1200w, https://www.gwg-guben.de/s-content/uploads/2017/05/Depositphotos_152488478_original_web-1-840x560.jpg 840w, https://www.gwg-guben.de/s-content/uploads/2017/05/Depositphotos_152488478_original_web-1-540x360.jpg 540w" sizes="auto, (max-width: 600px) 100vw, 600px" /></p></div>
</div></div></div><div id="pgc-2588-0-1"  class="panel-grid-cell" ><div id="panel-2588-0-1-0" class="so-panel widget widget_sow-editor panel-first-child" data-index="1" ><div class="panel-widget-style panel-widget-style-for-2588-0-1-0" ><div
			
			class="so-widget-sow-editor so-widget-sow-editor-base"
			
		>
<div class="siteorigin-widget-tinymce textwidget">
	<h2>ZNAJDŹ WYGODNIE ODPOWIEDNIE MIESZKANIE</h2>
<p>Czy wiedzą już Państwo na jakiej ulicy chcą zamieszkać, czy może narazie wystarczy Państwu w wyszukaniu informacja o ilości pokoi? Z funkcją wyszukiwania mogą Państwo wygodnie i szybko uzyskać dostęp do wszystkich aktualnych ofert.</p>
</div>
</div></div></div><div id="panel-2588-0-1-1" class="so-panel widget widget_sow-editor panel-last-child" data-index="2" ><div class="grayColorRow panel-widget-style panel-widget-style-for-2588-0-1-1" ><div
			
			class="so-widget-sow-editor so-widget-sow-editor-base"
			
		>
<div class="siteorigin-widget-tinymce textwidget">
	<p><strong>Jeśli chcieliby Państwo wyznaczyć termin zwiedzania mieszkania, proszę zwrócić się do miłego zespołu działu Gospodarki Mieszkaniowej, tel.: </strong><strong>03561 4387-24.</strong></p>
</div>
</div></div></div></div></div></div><div id="pg-2588-1"  class="panel-grid panel-no-style" ><div id="pgc-2588-1-0"  class="panel-grid-cell" ><div id="panel-2588-1-0-0" class="so-panel widget widget_widget_immobilien widget_immobilien panel-first-child panel-last-child" data-index="3" ><div class="immobilienListWrap"></div></div></div></div></div>

<p>ZNAJDŹ WYGODNIE ODPOWIEDNIE MIESZKANIE Czy wiedzą już Państwo na jakiej ulicy chcą zamieszkać, czy może narazie wystarczy Państwu w wyszukaniu informacja o ilości pokoi? Z &hellip;</p>
