{"id":2726,"date":"2018-01-17T12:15:05","date_gmt":"2018-01-17T11:15:05","guid":{"rendered":"https:\/\/www.gwg-guben.de\/?page_id=2726"},"modified":"2025-05-13T11:24:46","modified_gmt":"2025-05-13T09:24:46","slug":"naprawa-reparatur","status":"publish","type":"page","link":"https:\/\/www.gwg-guben.de\/pl\/kontakt\/naprawa-reparatur\/","title":{"rendered":"NAPRAWA"},"content":{"rendered":"<div id=\"pl-2726\"  class=\"panel-layout\" ><div id=\"pg-2726-0\"  class=\"panel-grid panel-has-style\" ><div class=\"panel-row-style panel-row-style-for-2726-0\" ><div id=\"pgc-2726-0-0\"  class=\"panel-grid-cell\" ><div id=\"panel-2726-0-0-0\" class=\"so-panel widget widget_sow-editor panel-first-child panel-last-child\" data-index=\"0\" ><div\n\t\t\t\n\t\t\tclass=\"so-widget-sow-editor so-widget-sow-editor-base\"\n\t\t\t\n\t\t>\n<div class=\"siteorigin-widget-tinymce textwidget\">\n\t<p><img loading=\"lazy\" decoding=\"async\" class=\"alignnone wp-image-1381 size-full\" src=\"https:\/\/www.gwg-guben.de\/\/s-content\/uploads\/2017\/05\/Depositphotos_67430103_original_web.jpg\" alt=\"\" width=\"1500\" height=\"1000\" srcset=\"https:\/\/www.gwg-guben.de\/s-content\/uploads\/2017\/05\/Depositphotos_67430103_original_web.jpg 1500w, https:\/\/www.gwg-guben.de\/s-content\/uploads\/2017\/05\/Depositphotos_67430103_original_web-600x400.jpg 600w, https:\/\/www.gwg-guben.de\/s-content\/uploads\/2017\/05\/Depositphotos_67430103_original_web-768x512.jpg 768w, https:\/\/www.gwg-guben.de\/s-content\/uploads\/2017\/05\/Depositphotos_67430103_original_web-1200x800.jpg 1200w, https:\/\/www.gwg-guben.de\/s-content\/uploads\/2017\/05\/Depositphotos_67430103_original_web-840x560.jpg 840w, https:\/\/www.gwg-guben.de\/s-content\/uploads\/2017\/05\/Depositphotos_67430103_original_web-540x360.jpg 540w\" sizes=\"auto, (max-width: 1500px) 100vw, 1500px\" \/><\/p>\n<\/div>\n<\/div><\/div><\/div><div id=\"pgc-2726-0-1\"  class=\"panel-grid-cell\" ><div id=\"panel-2726-0-1-0\" class=\"so-panel widget widget_sow-editor panel-first-child\" data-index=\"1\" ><div class=\"panel-widget-style panel-widget-style-for-2726-0-1-0\" ><div\n\t\t\t\n\t\t\tclass=\"so-widget-sow-editor so-widget-sow-editor-base\"\n\t\t\t\n\t\t>\n<div class=\"siteorigin-widget-tinymce textwidget\">\n\t<h2>POMOC NA MIEJSCU<\/h2>\n<p>Co\u015b si\u0119 zepsu\u0142o? Nie dzia\u0142a kran? Gdzie\u015b cieknie? Planuj\u0105 Pa\u0144stwo remont i potrzebuj\u0105 wsparcia? Prosz\u0119 zwr\u00f3ci\u0107 si\u0119 najpierw do naszych dozorc\u00f3w.<\/p>\n<\/div>\n<\/div><\/div><\/div><div id=\"panel-2726-0-1-1\" class=\"so-panel widget widget_sow-editor panel-last-child\" data-index=\"2\" ><div class=\"grayColorRow panel-widget-style panel-widget-style-for-2726-0-1-1\" ><div\n\t\t\t\n\t\t\tclass=\"so-widget-sow-editor so-widget-sow-editor-base\"\n\t\t\t\n\t\t>\n<div class=\"siteorigin-widget-tinymce textwidget\">\n\t<p><strong>Godziny przyj\u0119\u0107:<br \/><\/strong>Poniedzia\u0142ek \u2013 Pi\u0105tek: godz. 08:00 - 9:00<br \/>Wtorek: godz. 17:00 \u2013 18:00<\/p>\n<\/div>\n<\/div><\/div><\/div><\/div><\/div><\/div><div id=\"pg-2726-1\"  class=\"panel-grid panel-has-style\" ><div class=\"panel-row-style panel-row-style-for-2726-1\" ><div id=\"pgc-2726-1-0\"  class=\"panel-grid-cell\" ><div id=\"panel-2726-1-0-0\" class=\"so-panel widget widget_sow-editor panel-first-child panel-last-child\" data-index=\"3\" ><div class=\"panel-widget-style panel-widget-style-for-2726-1-0-0\" ><div\n\t\t\t\n\t\t\tclass=\"so-widget-sow-editor so-widget-sow-editor-base\"\n\t\t\t\n\t\t>\n<div class=\"siteorigin-widget-tinymce textwidget\">\n\t<h3>Biuro dozorcy WK I i WK III<\/h3>\n<p><strong>Bernd Sonsalla<br \/>\n<\/strong>Erich-Weinert-Str. 1 a<br \/>\nTel.: 03561 2106<\/p>\n<p><strong>Uwe Hannaske<br \/>\n<\/strong>Erich-Weinert-Str. 1 a<br \/>\nTel.: 03561 2106<\/p>\n<\/div>\n<\/div><\/div><\/div><\/div><div id=\"pgc-2726-1-1\"  class=\"panel-grid-cell\" ><div id=\"panel-2726-1-1-0\" class=\"so-panel widget widget_sow-editor panel-first-child panel-last-child\" data-index=\"4\" ><div class=\"panel-widget-style panel-widget-style-for-2726-1-1-0\" ><div\n\t\t\t\n\t\t\tclass=\"so-widget-sow-editor so-widget-sow-editor-base\"\n\t\t\t\n\t\t>\n<div class=\"siteorigin-widget-tinymce textwidget\">\n\t<h3>Biuro dozorcy WK II i WK IV<\/h3>\n<p><strong>Burkhard Brochlos<br \/>\n<\/strong>Brandenburgischer Ring 10<br \/>\nTel.: 03561 52938<\/p>\n<p><strong>Andreas Steinberg<br \/>\n<\/strong>Brandenburgischer Ring 10<br \/>\nTel.: 03561 52938<\/p>\n<\/div>\n<\/div><\/div><\/div><\/div><\/div><\/div><div id=\"pg-2726-2\"  class=\"panel-grid panel-has-style\" ><div class=\"panel-row-style panel-row-style-for-2726-2\" ><div id=\"pgc-2726-2-0\"  class=\"panel-grid-cell\" ><div id=\"panel-2726-2-0-0\" class=\"so-panel widget widget_sow-editor panel-first-child panel-last-child\" data-index=\"5\" ><div class=\"panel-widget-style panel-widget-style-for-2726-2-0-0\" ><div\n\t\t\t\n\t\t\tclass=\"so-widget-sow-editor so-widget-sow-editor-base\"\n\t\t\t\n\t\t>\n<div class=\"siteorigin-widget-tinymce textwidget\">\n\t<p>Je\u015bli planuj\u0105 Pa\u0144stwo wi\u0119ksze przebudowy (wymagaj\u0105ce zezwolenia) <a href=\"https:\/\/www.gwg-guben.de\/pl\/kontakt\/osoba-do-kontaktu\/\">Pan Burtchen<\/a> s\u0142u\u017cy Pa\u0144stwu pomoc\u0105.<\/p>\n<\/div>\n<\/div><\/div><\/div><\/div><\/div><\/div><\/div>","protected":false},"excerpt":{"rendered":"<p>POMOC NA MIEJSCUCo\u015b si\u0119 zepsu\u0142o? Nie dzia\u0142a kran? Gdzie\u015b cieknie? Planuj\u0105 Pa\u0144stwo remont i potrzebuj\u0105 wsparcia? Prosz\u0119 zwr\u00f3ci\u0107 si\u0119 najpierw do naszych dozorc\u00f3w. Godziny przyj\u0119\u0107:Poniedzia\u0142ek &hellip;<\/p>\n","protected":false},"author":2,"featured_media":0,"parent":2722,"menu_order":20,"comment_status":"closed","ping_status":"closed","template":"","meta":{"footnotes":""},"class_list":["post-2726","page","type-page","status-publish","hentry"],"_links":{"self":[{"href":"https:\/\/www.gwg-guben.de\/pl\/wp-json\/wp\/v2\/pages\/2726","targetHints":{"allow":["GET"]}}],"collection":[{"href":"https:\/\/www.gwg-guben.de\/pl\/wp-json\/wp\/v2\/pages"}],"about":[{"href":"https:\/\/www.gwg-guben.de\/pl\/wp-json\/wp\/v2\/types\/page"}],"author":[{"embeddable":true,"href":"https:\/\/www.gwg-guben.de\/pl\/wp-json\/wp\/v2\/users\/2"}],"replies":[{"embeddable":true,"href":"https:\/\/www.gwg-guben.de\/pl\/wp-json\/wp\/v2\/comments?post=2726"}],"version-history":[{"count":5,"href":"https:\/\/www.gwg-guben.de\/pl\/wp-json\/wp\/v2\/pages\/2726\/revisions"}],"predecessor-version":[{"id":8568,"href":"https:\/\/www.gwg-guben.de\/pl\/wp-json\/wp\/v2\/pages\/2726\/revisions\/8568"}],"up":[{"embeddable":true,"href":"https:\/\/www.gwg-guben.de\/pl\/wp-json\/wp\/v2\/pages\/2722"}],"wp:attachment":[{"href":"https:\/\/www.gwg-guben.de\/pl\/wp-json\/wp\/v2\/media?parent=2726"}],"curies":[{"name":"wp","href":"https:\/\/api.w.org\/{rel}","templated":true}]}}

<div id="pl-2726"  class="panel-layout" ><div id="pg-2726-0"  class="panel-grid panel-has-style" ><div class="panel-row-style panel-row-style-for-2726-0" ><div id="pgc-2726-0-0"  class="panel-grid-cell" ><div id="panel-2726-0-0-0" class="so-panel widget widget_sow-editor panel-first-child panel-last-child" data-index="0" ><div
			
			class="so-widget-sow-editor so-widget-sow-editor-base"
			
		>
<div class="siteorigin-widget-tinymce textwidget">
	<p><img loading="lazy" decoding="async" class="alignnone wp-image-1381 size-full" src="https://www.gwg-guben.de//s-content/uploads/2017/05/Depositphotos_67430103_original_web.jpg" alt="" width="1500" height="1000" srcset="https://www.gwg-guben.de/s-content/uploads/2017/05/Depositphotos_67430103_original_web.jpg 1500w, https://www.gwg-guben.de/s-content/uploads/2017/05/Depositphotos_67430103_original_web-600x400.jpg 600w, https://www.gwg-guben.de/s-content/uploads/2017/05/Depositphotos_67430103_original_web-768x512.jpg 768w, https://www.gwg-guben.de/s-content/uploads/2017/05/Depositphotos_67430103_original_web-1200x800.jpg 1200w, https://www.gwg-guben.de/s-content/uploads/2017/05/Depositphotos_67430103_original_web-840x560.jpg 840w, https://www.gwg-guben.de/s-content/uploads/2017/05/Depositphotos_67430103_original_web-540x360.jpg 540w" sizes="auto, (max-width: 1500px) 100vw, 1500px" /></p>
</div>
</div></div></div><div id="pgc-2726-0-1"  class="panel-grid-cell" ><div id="panel-2726-0-1-0" class="so-panel widget widget_sow-editor panel-first-child" data-index="1" ><div class="panel-widget-style panel-widget-style-for-2726-0-1-0" ><div
			
			class="so-widget-sow-editor so-widget-sow-editor-base"
			
		>
<div class="siteorigin-widget-tinymce textwidget">
	<h2>POMOC NA MIEJSCU</h2>
<p>Coś się zepsuło? Nie działa kran? Gdzieś cieknie? Planują Państwo remont i potrzebują wsparcia? Proszę zwrócić się najpierw do naszych dozorców.</p>
</div>
</div></div></div><div id="panel-2726-0-1-1" class="so-panel widget widget_sow-editor panel-last-child" data-index="2" ><div class="grayColorRow panel-widget-style panel-widget-style-for-2726-0-1-1" ><div
			
			class="so-widget-sow-editor so-widget-sow-editor-base"
			
		>
<div class="siteorigin-widget-tinymce textwidget">
	<p><strong>Godziny przyjęć:<br /></strong>Poniedziałek – Piątek: godz. 08:00 - 9:00<br />Wtorek: godz. 17:00 – 18:00</p>
</div>
</div></div></div></div></div></div><div id="pg-2726-1"  class="panel-grid panel-has-style" ><div class="panel-row-style panel-row-style-for-2726-1" ><div id="pgc-2726-1-0"  class="panel-grid-cell" ><div id="panel-2726-1-0-0" class="so-panel widget widget_sow-editor panel-first-child panel-last-child" data-index="3" ><div class="panel-widget-style panel-widget-style-for-2726-1-0-0" ><div
			
			class="so-widget-sow-editor so-widget-sow-editor-base"
			
		>
<div class="siteorigin-widget-tinymce textwidget">
	<h3>Biuro dozorcy WK I i WK III</h3>
<p><strong>Bernd Sonsalla<br />
</strong>Erich-Weinert-Str. 1 a<br />
Tel.: 03561 2106</p>
<p><strong>Uwe Hannaske<br />
</strong>Erich-Weinert-Str. 1 a<br />
Tel.: 03561 2106</p>
</div>
</div></div></div></div><div id="pgc-2726-1-1"  class="panel-grid-cell" ><div id="panel-2726-1-1-0" class="so-panel widget widget_sow-editor panel-first-child panel-last-child" data-index="4" ><div class="panel-widget-style panel-widget-style-for-2726-1-1-0" ><div
			
			class="so-widget-sow-editor so-widget-sow-editor-base"
			
		>
<div class="siteorigin-widget-tinymce textwidget">
	<h3>Biuro dozorcy WK II i WK IV</h3>
<p><strong>Burkhard Brochlos<br />
</strong>Brandenburgischer Ring 10<br />
Tel.: 03561 52938</p>
<p><strong>Andreas Steinberg<br />
</strong>Brandenburgischer Ring 10<br />
Tel.: 03561 52938</p>
</div>
</div></div></div></div></div></div><div id="pg-2726-2"  class="panel-grid panel-has-style" ><div class="panel-row-style panel-row-style-for-2726-2" ><div id="pgc-2726-2-0"  class="panel-grid-cell" ><div id="panel-2726-2-0-0" class="so-panel widget widget_sow-editor panel-first-child panel-last-child" data-index="5" ><div class="panel-widget-style panel-widget-style-for-2726-2-0-0" ><div
			
			class="so-widget-sow-editor so-widget-sow-editor-base"
			
		>
<div class="siteorigin-widget-tinymce textwidget">
	<p>Jeśli planują Państwo większe przebudowy (wymagające zezwolenia) <a href="https://www.gwg-guben.de/pl/kontakt/osoba-do-kontaktu/">Pan Burtchen</a> służy Państwu pomocą.</p>
</div>
</div></div></div></div></div></div></div>

<p>POMOC NA MIEJSCUCoś się zepsuło? Nie działa kran? Gdzieś cieknie? Planują Państwo remont i potrzebują wsparcia? Proszę zwrócić się najpierw do naszych dozorców. Godziny przyjęć:Poniedziałek &hellip;</p>
